{"id":5778,"date":"2025-08-05T16:27:23","date_gmt":"2025-08-05T14:27:23","guid":{"rendered":"https:\/\/preview.villa-tripaldi.de\/?page_id=5778"},"modified":"2025-10-13T17:14:00","modified_gmt":"2025-10-13T15:14:00","slug":"suite","status":"publish","type":"page","link":"https:\/\/villa-tripaldi.de\/index.php\/suite\/","title":{"rendered":"Suite"},"content":{"rendered":"\t\t<div data-elementor-type=\"wp-page\" data-elementor-id=\"5778\" class=\"elementor elementor-5778\" data-elementor-post-type=\"page\">\n\t\t\t\t<div class=\"elementor-element elementor-element-5734f819 e-flex e-con-boxed e-con e-parent\" data-id=\"5734f819\" data-element_type=\"container\" data-settings=\"{&quot;background_background&quot;:&quot;classic&quot;}\">\n\t\t\t\t\t<div class=\"e-con-inner\">\n\t\t\t\t<div class=\"elementor-element elementor-element-3cd7f213 elementor-widget elementor-widget-heading\" data-id=\"3cd7f213\" data-element_type=\"widget\" data-widget_type=\"heading.default\">\n\t\t\t\t<div class=\"elementor-widget-container\">\n\t\t\t\t\t<h2 class=\"elementor-heading-title elementor-size-default\">Suite<\/h2>\t\t\t\t<\/div>\n\t\t\t\t<\/div>\n\t\t\t\t\t<\/div>\n\t\t\t\t<\/div>\n\t\t<div class=\"elementor-element elementor-element-5320a1a e-flex e-con-boxed e-con e-parent\" data-id=\"5320a1a\" data-element_type=\"container\">\n\t\t\t\t\t<div class=\"e-con-inner\">\n\t\t<div class=\"elementor-element elementor-element-7f48d54 e-con-full e-flex e-con e-child\" data-id=\"7f48d54\" data-element_type=\"container\">\n\t\t\t\t<div class=\"elementor-element elementor-element-671ba3d elementor-widget elementor-widget-heading\" data-id=\"671ba3d\" data-element_type=\"widget\" data-widget_type=\"heading.default\">\n\t\t\t\t<div class=\"elementor-widget-container\">\n\t\t\t\t\t<h2 class=\"elementor-heading-title elementor-size-default\">Barrierefreier Komfort mit l\u00e4ndlicher Leichtigkeit \u2013 <br>gro\u00dfz\u00fcgig wohnen, entspannt genie\u00dfen\n<\/h2>\t\t\t\t<\/div>\n\t\t\t\t<\/div>\n\t\t\t\t<div class=\"elementor-element elementor-element-b91ea21 elementor-widget elementor-widget-text-editor\" data-id=\"b91ea21\" data-element_type=\"widget\" data-widget_type=\"text-editor.default\">\n\t\t\t\t<div class=\"elementor-widget-container\">\n\t\t\t\t\t\t\t\t\t<p>Unsere 35 m\u00b2 gro\u00dfe Suite vereint l\u00e4ndliche Gem\u00fctlichkeit mit maritimem Flair und bietet zugleich h\u00f6chsten Komfort \u2013 auch f\u00fcr G\u00e4ste mit eingeschr\u00e4nkter Mobilit\u00e4t. Sie liegt ebenerdig und ist barrierefrei gestaltet \u2013 ideal f\u00fcr alle, die auf Stolperfallen gern verzichten, aber auf Wohnqualit\u00e4t nicht.<\/p><p>Die Suite verf\u00fcgt \u00fcber ein separates Schlafzimmer mit einem komfortablen Doppelbett sowie ein Wohnzimmer mit einem Sofa, das sich bei Bedarf in ein gem\u00fctliches Schlafsofa verwandeln l\u00e4sst \u2013 perfekt f\u00fcr Familienmitglieder oder Reisebegleiter.<\/p><p>Der helle Wohnbereich bietet einen einladenden Sitzplatz mit Flachbild-TV, einen praktischen Schreibtisch und kostenfreies W-Lan. Ein Kleiderschrank sorgt f\u00fcr Ordnung w\u00e4hrend Ihres Aufenthalts. Das Bad ist mit einer bodengleichen Dusche, einem Haartrockner und liebevoll ausgew\u00e4hlten Pflegeprodukten ausgestattet \u2013 f\u00fcr entspannte Wohlf\u00fchlmomente.<\/p><p>Ein R\u00fcckzugsort f\u00fcr alle, die den Komfort lieben \u2013 mit Weitblick, W\u00e4rme und einem Hauch Landidylle direkt vor der T\u00fcr.<\/p>\t\t\t\t\t\t\t\t<\/div>\n\t\t\t\t<\/div>\n\t\t\t\t<\/div>\n\t\t\t\t\t<\/div>\n\t\t\t\t<\/div>\n\t\t<div class=\"elementor-element elementor-element-917972b e-flex e-con-boxed e-con e-parent\" data-id=\"917972b\" data-element_type=\"container\">\n\t\t\t\t\t<div class=\"e-con-inner\">\n\t\t<div class=\"elementor-element elementor-element-a8a54f0 e-con-full e-flex e-con e-child\" data-id=\"a8a54f0\" data-element_type=\"container\">\n\t\t\t\t<div class=\"elementor-element elementor-element-a7bae53 gallery-spacing-custom elementor-widget elementor-widget-image-gallery\" data-id=\"a7bae53\" data-element_type=\"widget\" data-widget_type=\"image-gallery.default\">\n\t\t\t\t<div class=\"elementor-widget-container\">\n\t\t\t\t\t\t\t<div class=\"elementor-image-gallery\">\n\t\t\t<div id='gallery-1' class='gallery galleryid-5778 gallery-columns-3 gallery-size-full'><figure class='gallery-item'>\n\t\t\t<div class='gallery-icon portrait'>\n\t\t\t\t<a data-elementor-open-lightbox=\"yes\" data-elementor-lightbox-slideshow=\"a7bae53\" data-elementor-lightbox-title=\"1\" data-e-action-hash=\"#elementor-action%3Aaction%3Dlightbox%26settings%3DeyJpZCI6NTc5MiwidXJsIjoiaHR0cHM6XC9cL3ZpbGxhLXRyaXBhbGRpLmRlXC93cC1jb250ZW50XC91cGxvYWRzXC8yMDI1XC8wOFwvMS1zY2FsZWQuanBnIiwic2xpZGVzaG93IjoiYTdiYWU1MyJ9\" href='https:\/\/villa-tripaldi.de\/wp-content\/uploads\/2025\/08\/1-scaled.jpg'><img fetchpriority=\"high\" decoding=\"async\" width=\"2048\" height=\"2560\" src=\"https:\/\/villa-tripaldi.de\/wp-content\/uploads\/2025\/08\/1-scaled.jpg\" class=\"attachment-full size-full\" alt=\"\" srcset=\"https:\/\/villa-tripaldi.de\/wp-content\/uploads\/2025\/08\/1-scaled.jpg 2048w, https:\/\/villa-tripaldi.de\/wp-content\/uploads\/2025\/08\/1-240x300.jpg 240w, https:\/\/villa-tripaldi.de\/wp-content\/uploads\/2025\/08\/1-819x1024.jpg 819w, https:\/\/villa-tripaldi.de\/wp-content\/uploads\/2025\/08\/1-768x960.jpg 768w, https:\/\/villa-tripaldi.de\/wp-content\/uploads\/2025\/08\/1-1229x1536.jpg 1229w, https:\/\/villa-tripaldi.de\/wp-content\/uploads\/2025\/08\/1-1639x2048.jpg 1639w, https:\/\/villa-tripaldi.de\/wp-content\/uploads\/2025\/08\/1-600x750.jpg 600w\" sizes=\"(max-width: 2048px) 100vw, 2048px\" \/><\/a>\n\t\t\t<\/div><\/figure><figure class='gallery-item'>\n\t\t\t<div class='gallery-icon portrait'>\n\t\t\t\t<a data-elementor-open-lightbox=\"yes\" data-elementor-lightbox-slideshow=\"a7bae53\" data-elementor-lightbox-title=\"1-5\" data-e-action-hash=\"#elementor-action%3Aaction%3Dlightbox%26settings%3DeyJpZCI6NTc5MSwidXJsIjoiaHR0cHM6XC9cL3ZpbGxhLXRyaXBhbGRpLmRlXC93cC1jb250ZW50XC91cGxvYWRzXC8yMDI1XC8wOFwvMS01LXNjYWxlZC5qcGciLCJzbGlkZXNob3ciOiJhN2JhZTUzIn0%3D\" href='https:\/\/villa-tripaldi.de\/wp-content\/uploads\/2025\/08\/1-5-scaled.jpg'><img decoding=\"async\" width=\"2048\" height=\"2560\" src=\"https:\/\/villa-tripaldi.de\/wp-content\/uploads\/2025\/08\/1-5-scaled.jpg\" class=\"attachment-full size-full\" alt=\"\" srcset=\"https:\/\/villa-tripaldi.de\/wp-content\/uploads\/2025\/08\/1-5-scaled.jpg 2048w, https:\/\/villa-tripaldi.de\/wp-content\/uploads\/2025\/08\/1-5-240x300.jpg 240w, https:\/\/villa-tripaldi.de\/wp-content\/uploads\/2025\/08\/1-5-819x1024.jpg 819w, https:\/\/villa-tripaldi.de\/wp-content\/uploads\/2025\/08\/1-5-768x960.jpg 768w, https:\/\/villa-tripaldi.de\/wp-content\/uploads\/2025\/08\/1-5-1229x1536.jpg 1229w, https:\/\/villa-tripaldi.de\/wp-content\/uploads\/2025\/08\/1-5-1638x2048.jpg 1638w, https:\/\/villa-tripaldi.de\/wp-content\/uploads\/2025\/08\/1-5-600x750.jpg 600w\" sizes=\"(max-width: 2048px) 100vw, 2048px\" \/><\/a>\n\t\t\t<\/div><\/figure><figure class='gallery-item'>\n\t\t\t<div class='gallery-icon portrait'>\n\t\t\t\t<a data-elementor-open-lightbox=\"yes\" data-elementor-lightbox-slideshow=\"a7bae53\" data-elementor-lightbox-title=\"1-4\" data-e-action-hash=\"#elementor-action%3Aaction%3Dlightbox%26settings%3DeyJpZCI6NTc5MCwidXJsIjoiaHR0cHM6XC9cL3ZpbGxhLXRyaXBhbGRpLmRlXC93cC1jb250ZW50XC91cGxvYWRzXC8yMDI1XC8wOFwvMS00LXNjYWxlZC5qcGciLCJzbGlkZXNob3ciOiJhN2JhZTUzIn0%3D\" href='https:\/\/villa-tripaldi.de\/wp-content\/uploads\/2025\/08\/1-4-scaled.jpg'><img decoding=\"async\" width=\"2048\" height=\"2560\" src=\"https:\/\/villa-tripaldi.de\/wp-content\/uploads\/2025\/08\/1-4-scaled.jpg\" class=\"attachment-full size-full\" alt=\"\" srcset=\"https:\/\/villa-tripaldi.de\/wp-content\/uploads\/2025\/08\/1-4-scaled.jpg 2048w, https:\/\/villa-tripaldi.de\/wp-content\/uploads\/2025\/08\/1-4-240x300.jpg 240w, https:\/\/villa-tripaldi.de\/wp-content\/uploads\/2025\/08\/1-4-819x1024.jpg 819w, https:\/\/villa-tripaldi.de\/wp-content\/uploads\/2025\/08\/1-4-768x960.jpg 768w, https:\/\/villa-tripaldi.de\/wp-content\/uploads\/2025\/08\/1-4-1229x1536.jpg 1229w, https:\/\/villa-tripaldi.de\/wp-content\/uploads\/2025\/08\/1-4-1638x2048.jpg 1638w, https:\/\/villa-tripaldi.de\/wp-content\/uploads\/2025\/08\/1-4-600x750.jpg 600w\" sizes=\"(max-width: 2048px) 100vw, 2048px\" \/><\/a>\n\t\t\t<\/div><\/figure><figure class='gallery-item'>\n\t\t\t<div class='gallery-icon portrait'>\n\t\t\t\t<a data-elementor-open-lightbox=\"yes\" data-elementor-lightbox-slideshow=\"a7bae53\" data-elementor-lightbox-title=\"1-3\" data-e-action-hash=\"#elementor-action%3Aaction%3Dlightbox%26settings%3DeyJpZCI6NTc4OSwidXJsIjoiaHR0cHM6XC9cL3ZpbGxhLXRyaXBhbGRpLmRlXC93cC1jb250ZW50XC91cGxvYWRzXC8yMDI1XC8wOFwvMS0zLXNjYWxlZC5qcGciLCJzbGlkZXNob3ciOiJhN2JhZTUzIn0%3D\" href='https:\/\/villa-tripaldi.de\/wp-content\/uploads\/2025\/08\/1-3-scaled.jpg'><img loading=\"lazy\" decoding=\"async\" width=\"2048\" height=\"2560\" src=\"https:\/\/villa-tripaldi.de\/wp-content\/uploads\/2025\/08\/1-3-scaled.jpg\" class=\"attachment-full size-full\" alt=\"\" srcset=\"https:\/\/villa-tripaldi.de\/wp-content\/uploads\/2025\/08\/1-3-scaled.jpg 2048w, https:\/\/villa-tripaldi.de\/wp-content\/uploads\/2025\/08\/1-3-240x300.jpg 240w, https:\/\/villa-tripaldi.de\/wp-content\/uploads\/2025\/08\/1-3-819x1024.jpg 819w, https:\/\/villa-tripaldi.de\/wp-content\/uploads\/2025\/08\/1-3-768x960.jpg 768w, https:\/\/villa-tripaldi.de\/wp-content\/uploads\/2025\/08\/1-3-1229x1536.jpg 1229w, https:\/\/villa-tripaldi.de\/wp-content\/uploads\/2025\/08\/1-3-1638x2048.jpg 1638w, https:\/\/villa-tripaldi.de\/wp-content\/uploads\/2025\/08\/1-3-600x750.jpg 600w\" sizes=\"(max-width: 2048px) 100vw, 2048px\" \/><\/a>\n\t\t\t<\/div><\/figure><figure class='gallery-item'>\n\t\t\t<div class='gallery-icon portrait'>\n\t\t\t\t<a data-elementor-open-lightbox=\"yes\" data-elementor-lightbox-slideshow=\"a7bae53\" data-elementor-lightbox-title=\"1-2\" data-e-action-hash=\"#elementor-action%3Aaction%3Dlightbox%26settings%3DeyJpZCI6NTc4OCwidXJsIjoiaHR0cHM6XC9cL3ZpbGxhLXRyaXBhbGRpLmRlXC93cC1jb250ZW50XC91cGxvYWRzXC8yMDI1XC8wOFwvMS0yLXNjYWxlZC5qcGciLCJzbGlkZXNob3ciOiJhN2JhZTUzIn0%3D\" href='https:\/\/villa-tripaldi.de\/wp-content\/uploads\/2025\/08\/1-2-scaled.jpg'><img loading=\"lazy\" decoding=\"async\" width=\"2048\" height=\"2560\" src=\"https:\/\/villa-tripaldi.de\/wp-content\/uploads\/2025\/08\/1-2-scaled.jpg\" class=\"attachment-full size-full\" alt=\"\" srcset=\"https:\/\/villa-tripaldi.de\/wp-content\/uploads\/2025\/08\/1-2-scaled.jpg 2048w, https:\/\/villa-tripaldi.de\/wp-content\/uploads\/2025\/08\/1-2-240x300.jpg 240w, https:\/\/villa-tripaldi.de\/wp-content\/uploads\/2025\/08\/1-2-819x1024.jpg 819w, https:\/\/villa-tripaldi.de\/wp-content\/uploads\/2025\/08\/1-2-768x960.jpg 768w, https:\/\/villa-tripaldi.de\/wp-content\/uploads\/2025\/08\/1-2-1229x1536.jpg 1229w, https:\/\/villa-tripaldi.de\/wp-content\/uploads\/2025\/08\/1-2-1638x2048.jpg 1638w, https:\/\/villa-tripaldi.de\/wp-content\/uploads\/2025\/08\/1-2-600x750.jpg 600w\" sizes=\"(max-width: 2048px) 100vw, 2048px\" \/><\/a>\n\t\t\t<\/div><\/figure>\n\t\t<\/div>\n\t\t<\/div>\n\t\t\t\t\t\t<\/div>\n\t\t\t\t<\/div>\n\t\t\t\t<\/div>\n\t\t\t\t\t<\/div>\n\t\t\t\t<\/div>\n\t\t<div class=\"elementor-element elementor-element-fdf071f e-flex e-con-boxed e-con e-parent\" data-id=\"fdf071f\" data-element_type=\"container\">\n\t\t\t\t\t<div class=\"e-con-inner\">\n\t\t\t\t<div class=\"elementor-element elementor-element-e46f272 elementor-align-center elementor-widget elementor-widget-button\" data-id=\"e46f272\" data-element_type=\"widget\" data-widget_type=\"button.default\">\n\t\t\t\t<div class=\"elementor-widget-container\">\n\t\t\t\t\t\t\t\t\t<div class=\"elementor-button-wrapper\">\n\t\t\t\t\t<a class=\"elementor-button elementor-button-link elementor-size-sm\" href=\"https:\/\/reservation.one.dirs21.de\/am-rathaus-schoenbergde\/result\">\n\t\t\t\t\t\t<span class=\"elementor-button-content-wrapper\">\n\t\t\t\t\t\t\t\t\t<span class=\"elementor-button-text\">Zur Buchung<\/span>\n\t\t\t\t\t<\/span>\n\t\t\t\t\t<\/a>\n\t\t\t\t<\/div>\n\t\t\t\t\t\t\t\t<\/div>\n\t\t\t\t<\/div>\n\t\t\t\t\t<\/div>\n\t\t\t\t<\/div>\n\t\t\t\t<\/div>\n\t\t","protected":false},"excerpt":{"rendered":"<p>Suite Barrierefreier Komfort mit l\u00e4ndlicher Leichtigkeit \u2013 gro\u00dfz\u00fcgig wohnen, entspannt genie\u00dfen Unsere 35 m\u00b2 gro\u00dfe Suite vereint l\u00e4ndliche Gem\u00fctlichkeit mit maritimem Flair und bietet zugleich h\u00f6chsten Komfort \u2013 auch f\u00fcr G\u00e4ste mit eingeschr\u00e4nkter Mobilit\u00e4t. Sie liegt ebenerdig und ist barrierefrei gestaltet \u2013 ideal f\u00fcr alle, die auf Stolperfallen gern verzichten, aber auf Wohnqualit\u00e4t nicht. Die&#8230;<\/p>\n","protected":false},"author":1,"featured_media":0,"parent":0,"menu_order":0,"comment_status":"closed","ping_status":"closed","template":"","meta":{"footnotes":""},"class_list":["post-5778","page","type-page","status-publish","hentry"],"_links":{"self":[{"href":"https:\/\/villa-tripaldi.de\/index.php\/wp-json\/wp\/v2\/pages\/5778","targetHints":{"allow":["GET"]}}],"collection":[{"href":"https:\/\/villa-tripaldi.de\/index.php\/wp-json\/wp\/v2\/pages"}],"about":[{"href":"https:\/\/villa-tripaldi.de\/index.php\/wp-json\/wp\/v2\/types\/page"}],"author":[{"embeddable":true,"href":"https:\/\/villa-tripaldi.de\/index.php\/wp-json\/wp\/v2\/users\/1"}],"replies":[{"embeddable":true,"href":"https:\/\/villa-tripaldi.de\/index.php\/wp-json\/wp\/v2\/comments?post=5778"}],"version-history":[{"count":25,"href":"https:\/\/villa-tripaldi.de\/index.php\/wp-json\/wp\/v2\/pages\/5778\/revisions"}],"predecessor-version":[{"id":6079,"href":"https:\/\/villa-tripaldi.de\/index.php\/wp-json\/wp\/v2\/pages\/5778\/revisions\/6079"}],"wp:attachment":[{"href":"https:\/\/villa-tripaldi.de\/index.php\/wp-json\/wp\/v2\/media?parent=5778"}],"curies":[{"name":"wp","href":"https:\/\/api.w.org\/{rel}","templated":true}]}}